0 + -130?
-50150
In base 2, what is -11011001101001010 - -11?
-11011001101000111
In base 2, what is 0 - -10010110111001101?
10010110111001101
In base 16, what is 1a + -3bc1?
-3ba7
In base 15, what is -34 - a9d?
-ad2
In base 15, what is 604 - ba?
539
In base 8, what is 6 + 222266?
222274
In base 3, what is 0 - -2022012001002?
2022012001002
In base 7, what is -3031 - -656?
-2042
In base 9, what is -14140 + -58?
-14208
In base 10, what is 2671 - 54?
2617
In base 15, what is -5 - -6a4d?
6a48
In base 7, what is 26633 - -22?
26655
In base 2, what is -10 - -10010011111101?
10010011111011
In base 7, what is -42 + -45035?
-45110
In base 8, what is -7436520 - -5?
-7436513
In base 11, what is 7656 + -9?
7648
In base 8, what is -3645 + -1077?
-4744
In base 4, what is 12231012 + -10?
12231002
In base 13, what is -52 + 106a6?
10654
In base 11, what is -2 - 10a20?
-10a22
In base 14, what is -1003 + -55?
-1058
In base 11, what is 7 - -a5864?
a5870
In base 5, what is -102203 + 2301?
-44402
In base 5, what is 2 + 33100221?
33100223
In base 2, what is 11 + -1111011101011111?
-1111011101011100
In base 13, what is 2 + -a9c9?
-a9c7
In base 11, what is -9a46 + 3?
-9a43
In base 3, what is -101210 + 112001?
10021
In base 6, what is -1 + 2414321?
2414320
In base 6, what is -5 - -3441214?
3441205
In base 5, what is 20433412 - -42?
20434004
In base 6, what is -14103 - -23?
-14040
In base 8, what is -6 - -7357?
7351
In base 15, what is -3531 + 20?
-3511
In base 11, what is -5 + 10a85?
10a80
In base 13, what is aa4 - 32?
a72
In base 2, what is 10110111011 - 1100?
10110101111
In base 16, what is 2343 - f5?
224e
In base 5, what is -1320004412 - 1?
-1320004413
In base 3, what is 10 + 100110001000?
100110001010
In base 7, what is 213153 - -3?
213156
In base 10, what is 63035 - 11?
63024
In base 8, what is -17 - 2223?
-2242
In base 6, what is -31 + -112344?
-112415
In base 6, what is 2043114 - -12?
2043130
In base 7, what is 4464 - 425?
4036
In base 10, what is 35 + 224?
259
In base 2, what is 11 + 110110110001010?
110110110001101
In base 13, what is -178a16 + 4?
-178a12
In base 7, what is 4135 - -2564?
10032
In base 4, what is -12 - 22113302?
-22113320
In base 11, what is -7 - -13503?
134a7
In base 14, what is -c38a - 3?
-c38d
In base 8, what is -23 + 402571?
402546
In base 7, what is 11024 + 6103?
20130
In base 13, what is -150 - -175?
25
In base 7, what is -51110 + 12?
-51065
In base 9, what is -168 + -25246?
-25425
In base 5, what is -22104203 - -10?
-22104143
In base 8, what is 0 - 755442?
-755442
In base 10, what is 179 - -499?
678
In base 4, what is -121 - 33210?
-33331
In base 14, what is -18bb2 - -1c?
-18b94
In base 2, what is 1111 + -1011101110100?
-1011101100101
In base 2, what is 110110101000001 - 0?
110110101000001
In base 14, what is 0 + 65c82?
65c82
In base 13, what is -63 + 4516?
4483
In base 13, what is 1 - -494b?
494c
In base 10, what is -147332 + 8?
-147324
In base 7, what is -123 - -66150?
66024
In base 5, what is 1 + -103343444?
-103343443
In base 14, what is 23 - -132?
155
In base 10, what is -9 - -69873?
69864
In base 11, what is 62a02 - -5?
62a07
In base 4, what is 110123 + 312?
111101
In base 6, what is 20242 - -23?
20305
In base 14, what is 1226 + -17?
120d
In base 10, what is 389 + -611?
-222
In base 6, what is 411554 + -5?
411545
In base 2, what is 11001001 - -10011001000?
10110010001
In base 15, what is -17588 - -1?
-17587
In base 5, what is 1414 - 10404?
-3440
In base 11, what is -15a656 - -1?
-15a655
In base 2, what is 1001 + -1110111000100?
-1110110111011
In base 8, what is -7760 - -2?
-7756
In base 6, what is 334 + 155442?
200220
In base 13, what is 12 - -10914?
10926
In base 15, what is -20c9e9 + 5?
-20c9e4
In base 7, what is 6 - -106266?
106305
In base 2, what is -10100111110 + 10111101101?
10101111
In base 10, what is -1916 + 16?
-1900
In base 8, what is 5 - -23701?
23706
In base 13, what is 689 + -ba?
59c
In base 4, what is 1111210 + 1?
1111211
In base 7, what is 3 - 255401?
-255365
In base 3, what is -21120000 - 2?
-21120002
In base 7, what is 60635 - -2?
60640
In base 10, what is -3799 + 24?
-3775
In base 3, what is -22000022 - 1011?
-22001110
In base 8, what is -1013 - 1551?
-2564
In base 10, what is 9273 - 21?
9252
In base 13, what is -56 + -7b4?
-83a
In base 7, what is 110203 + 65?
110301
In base 8, what is 357002 - -2?
357004
In base 15, what is 3a0 + -26b?
134
In base 7, what is 2 - 21445?
-21443
In base 14, what is 26ba2 + a?
26bac
In base 2, what is 11001 + -1100000111?
-1011101110
In base 13, what is 3 + 528?
52b
In base 5, what is -11121131 + 3?
-11121123
In base 6, what is -552201 - 15?
-552220
In base 9, what is -5 - -31568?
31563
In base 9, what is -16282 + 67?
-16214
In base 2, what is -10001101001011110 + 0?
-10001101001011110
In base 5, what is 324241 + -203?
324033
In base 5, what is -1302 + 22012?
20210
In base 6, what is -14234213 + 2?
-14234211
In base 14, what is -531 - 3?
-534
In base 2, what is -10 + 10000100010001?
10000100001111
In base 4, what is -1022 + -30110?
-31132
In base 14, what is -3519a2 + 0?
-3519a2
In base 6, what is 3 - 111250?
-111243
In base 6, what is -5 + -42523435?
-42523444
In base 2, what is 1110111010100110 + 1?
1110111010100111
In base 6, what is -102230 - 30?
-102300
In base 16, what is 395 - -8c?
421
In base 15, what is -116c8b + -2?
-116c8d
In base 7, what is 1002 + 14636?
15641
In base 2, what is -1 - -1001000001001?
1001000001000
In base 11, what is 223 - -899?
1011
In base 5, what is 3144 + -41?
3103
In base 15, what is 37cd89 + -3?
37cd86
In base 9, what is 720 - -2234?
3054
In base 15, what is 1c + -432?
-415
In base 4, what is -21102300 + 22?
-21102212
In base 7, what is -5 + 36062?
36054
In base 16, what is -3a02 - -4?
-39fe
In base 3, what is -201 + 1002222?
1002021
In base 5, what is 10 + 1202?
1212
In base 6, what is -443040 - -21?
-443015
In base 15, what is -25b - 8c?
-2e8
In base 3, what is -1100 - -2010211120?
2010210020
In base 6, what is 12110 + 0?
12110
In base 8, what is 6 - 165355?
-165347
In base 14, what is -34 + ca?
96
In base 13, what is a6 + 17?
c0
In base 12, what is -18 - 665?
-681
In base 6, what is 0 + 204105?
204105
In base 7, what is -2666 - 351?
-3350
In base 11, what is -44456 + -6?
-44461
In base 14, what is a4627 + 7?
a4630
In base 16, what is -4b3 + 2fb?
-1b8
In base 5, what is 2 - -14142141?
14142143
In base 12, what is -30 + -44b?
-47b
In base 9, what is -12012306 - 2?
-12012308
In base 7, what is -25 - 6563?
-6621
In base 10, what is 5 + -1134970?
-1134965
In base 11, what is 351a + -30?
349a
In base 8, what is -3 - 236534?
-236537
In base 3, what is -20112 + 102021120?
102001001
In base 4, what is -12323 - -311?
-12012
In base 9, what is 2 + -765430?
-765427
In base 2, what is 10100011 + -100101001001?
-100010100110
In base 8, what is 56 + -262?
-204
In base 16, what is 29 - 15e56?
-15e2d
In base 10, what is -48 + -1820?
-1868
In base 2, what is -10110 + -1001000111110110?
-1001001000001100
In base 12, what is -35 + 4076?
4041
In base 9, what is -1036766 + -3?
-1036770
In base 13, what is 8c6 + 5?
8cb
In base 4, what is 2200002 + 1211?
2201213
In base 16, what is -5 + -ca0?
-ca5
In base 2, what is 1010011010010010010 - -11?
1010011010010010101
In base 7, what is 304034 - 3?
304031
In base 8, what is -114 + -6142?
-6256
In base 9, what is -1 + -72177?
-72178
In base 13, what is 35 - -3b24c?
3b284
In base 3, what is 2200 + 10012220?
10022120
In base 11, what is -1370 - -7?
-1364
In base 10, what is -1 - -20736?
20735
In base 7, what is 1 + -22141?
-22140
In base 8, what is -17 + 6315?
6276
In base 7, what is 3 + 63556?
63562
In base 11, what is 13 - -51a?
532
In base 9, what is -6067 - 0?
-6067
In base 5, what is 330322204 - 1?
330322203
In base 14, what is 3c + 16ada?
16b38
In base 13, what is -123626 + 4?
-123622
In base 14, what is 6d3 - 1099?
-7a6
In base 16, what is -3 + -d13c2?
-d13c5
In base 9, what is -3166147 - -1?
-3166146
In base 14, what is 113d2 - 3?
113cd
In base 4, what is -213 - 200313?
-201132
In base 5, what is -11124201 - 23?
-11124224
In base 5, what is -41 + 14341440?
14341344
In base 16, what is 5 + -14cb?
-14c6
In base 10, what is -18 + 1501?
1483
In base 15, what is b2 - -ca?
18c
In base 14, what is a01 + -58?
987
In base 8, w